s n(-9)?
41
Let s(m) = m**3 - 13*m**2 + 910*m + 2849. What is s(-3)?
-25
Let a(y) = 8*y**3 - 864*y**2 + 234*y - 25279. Determine a(108).
-7
Let b(r) = -367*r**2 - 1772*r - 28. Calculate b(-5).
-343
Let j(a) = a**3 - a**2 - 72*a - 3. Give j(-8).
-3
Let y(j) = -897*j - 9059. Give y(-10).
-89
Let h(j) = -17*j**2 - 8305*j - 41128. Give h(-5).
-28
Let g(y) = -4*y**2 + 1944*y - 72989. Calculate g(445).
-9
Let u(i) = -8*i**3 - i**2 - 60*i + 222. Give u(4).
-546
Let w(o) = 22507*o - 855319. What is w(38)?
-53
Let u(j) = -j**3 - 68*j**2 - 58*j + 642. What is u(-67)?
39
Let z(c) = -2627*c + 17. What is z(0)?
17
Let j(y) = 1041*y - 247763. Calculate j(238).
-5
Let y(s) = -82248*s + 493485. Determine y(6).
-3
Let c(y) = y**3 - 19*y**2 - 9*y - 171. Determine c(16).
-1083
Let i(v) = 2*v**3 + 69*v**2 + 105*v - 3464. Determine i(-31).
8
Let l(x) = -3*x**2 + 774*x + 14856. Determine l(276).
-48
Let u(x) = -x**3 - 18552*x**2 + 278417*x + 1324. Calculate u(15).
4
Let v(b) = b**2 + 260*b - 27200. What is v(80)?
0
Let o(c) = -3*c**3 - 12*c**2 + 197*c - 753. Give o(4).
-349
Let s(r) = -r**2 + 275*r + 3422. Give s(285).
572
Let d(m) = -m**2 + 97587*m - 487916. Calculate d(5).
-6
Let w(d) = -10*d**3 - 16*d**2 - 1056*d + 6. Calculate w(0).
6
Let j(q) = 2*q**3 - 73*q**2 - 136*q + 6200. What is j(36)?
8
Let b(n) = n**2 - 3622*n + 248640. Give b(70).
0
Let d(m) = -m**3 + 5*m**2 + 47*m - 18. Determine d(9).
81
Let c(p) = 3*p**2 + 6169*p + 24565. What is c(-4)?
-63
Let v(n) = 1546*n - 381871. Calculate v(247).
-9
Let b(g) = 1634*g**2 + 14704*g - 51. Calculate b(-9).
-33
Let a(p) = 6156*p + 560188. Calculate a(-91).
-8
Let w(n) = -6*n + 1281. Calculate w(12).
1209
Let t(s) = -67*s**2 - 24049*s + 1439. Determine t(-359).
3
Let a(v) = -274702*v + 6867570. Give a(25).
20
Let t(m) = m**2 + 8627*m - 190210. Determine t(22).
68
Let z(h) = 7*h**3 + 883*h**2 + 119*h - 985. Give z(-126).
-103
Let m(a) = 117*a**2 - 129*a - 590. What is m(-5)?
2980
Let v(r) = -4365*r + 5102650. What is v(1169)?
-35
Let l(d) = -410*d - 1405. Calculate l(-8).
1875
Let d(l) = l**3 - 126*l**2 - 149*l + 2899. What is d(127)?
105
Let w(l) = -9*l**2 - 2765*l - 8304. Calculate w(-3).
-90
Let u(q) = -4*q**2 - 413*q + 128309. Calculate u(-238).
27
Let i(d) = 4*d**3 - 3002*d**2 - 10553*d - 1990. Calculate i(754).
272
Let u(p) = 364*p**3 + 7*p**2 - 32*p - 37. Give u(-1).
-362
Let q(w) = w**2 - 203*w + 10443. Give q(96).
171
Let h(i) = 2*i**3 - 36*i**2 + 134*i - 214. Calculate h(12).
-334
Let t(v) = -2*v**3 - 78*v**2 - 473*v + 7. Give t(-8).
-177
Let v(r) = -66299*r + 663043. Calculate v(10).
53
Let z(u) = 3188*u + 305688. What is z(-96)?
-360
Let j(u) = 31153*u + 62321. Determine j(-2).
15
Let g(y) = -413*y**3 + 421*y**2 + 371*y - 375. Calculate g(1).
4
Let x(z) = 204*z + 243988. Give x(-1196).
4
Let q(t) = 2*t**2 - 1891*t + 13. What is q(0)?
13
Let u(c) = 2*c**2 + 188*c + 4194. Calculate u(-39).
-96
Let k(a) = -21080*a + 63443. Determine k(3).
203
Let f(b) = -12*b**2 - 1709*b - 5096. What is f(-3)?
-77
Let a(w) = -4*w**3 - 143*w**2 + 11*w - 105. Calculate a(-36).
795
Let x(l) = -5934*l + 2783052. Give x(469).
6
Let h(g) = -5*g**2 + 321*g + 4046. What is h(75)?
-4
Let v(q) = -14020*q + 6519304. Determine v(465).
4
Let s(h) = h**3 - 3*h**2 - 110*h + 727. Calculate s(5).
227
Let k(o) = -o**2 - 39594*o + 1625026. What is k(41)?
-9
Let z(l) = l**3 - 11*l**2 - 50*l - 40. Give z(8).
-632
Let t(y) = -2*y**3 + 462*y**2 - 1824*y + 640. Calculate t(227).
-1176
Let c(v) = -v**2 + 1493*v + 88341. Give c(-57).
-9
Let p(f) = 4585*f**2 - 27504*f + 32. What is p(6)?
68
Let a(x) = -397*x + 625. Give a(-4).
2213
Let m(g) = g**3 - 24*g**2 + 175*g + 21. Determine m(25).
5021
Let s(x) = x**2 + 87*x - 759. Give s(8).
1
Let v(b) = 175*b - 7519. Calculate v(43).
6
Let y(u) = -403*u - 981. Give y(-6).
1437
Let p(m) = 11*m**2 - 513*m - 655. Calculate p(49).
619
Let t(m) = -4*m**3 - 82*m**2 - 3076*m - 65478. Give t(-21).
0
Let y(t) = -2721*t + 43709. What is y(16)?
173
Let o(t) = 4156*t + 216113. Determine o(-52).
1
Let z(k) = 2*k**3 + 48*k**2 + 114*k + 3132. Calculate z(-24).
396
Let o(i) = -2*i**3 + 68*i**2 + 79*i - 307. What is o(35)?
8
Let y(p) = -181579*p + 7. Give y(0).
7
Let m(b) = 313*b**2 + 5956*b + 185. Determine m(-19).
14
Let h(v) = -4*v**2 + 989*v - 18182. Determine h(20).
-2
Let g(h) = 23*h**2 - 751*h - 35. Give g(36).
2737
Let d(q) = q**3 - 21*q**2 + 3483*q - 61700. Calculate d(18).
22
Let n(k) = k**3 + 19*k**2 - 64*k - 323. Give n(-19).
893
Let c(z) = -887*z - 21273. What is c(-24)?
15
Let u(d) = -d**2 + 3823*d + 38374. What is u(-10)?
44
Let y(j) = -2723*j - 686120. Give y(-252).
76
Let k(y) = -2*y**3 + 27*y**2 - 99*y - 61. What is k(6)?
-115
Let v(j) = -2*j**3 + 15*j**2 - 174*j + 1058. What is v(7)?
-111
Let j(k) = k**2 - 935*k - 97854. Calculate j(-95).
-4
Let q(r) = 9*r**2 + 4130*r - 20606. What is q(5)?
269
Let m(s) = 8961*s - 12169044. Determine m(1358).
-6
Let q(h) = -h**2 + 6066*h + 91201. What is q(-15)?
-14
Let c(q) = q**3 - 67*q**2 + 491*q - 1265. Determine c(59).
-144
Let k(b) = -179*b**2 + 107579*b - 8. Give k(601).
-8
Let g(b) = 23000*b - 1011962. What is g(44)?
38
Let q(p) = -p**3 - 108*p**2 + 303*p + 32743. Calculate q(-108).
19
Let u(p) = 3*p**2 + 45*p - 1594. Give u(30).
2456
Let f(l) = l**3 - 26*l**2 - 666*l + 15152. Give f(19).
-29
Let h(c) = -c**3 + 220*c**2 - 4862*c - 2487. Give h(195).
48
Let t(k) = 423839*k - 4662209. Determine t(11).
20
Let c(t) = -16883*t + 84406. Give c(5).
-9
Let o(m) = -16*m**2 - 889*m + 24863. What is o(-76)?
11
Let k(v) = 44*v**2 + 10075*v - 195. Give k(-229).
34
Let u(w) = 4747*w + 569760. Give u(-120).
120
Let j(h) = h**3 - 4*h**2 - 681*h + 4620. Calculate j(7).
0
Let x(f) = f**3 + 13*f**2 - 59*f - 785. Calculate x(-13).
-18
Let w(s) = -1374*s - 174504. Give w(-127).
-6
Let b(l) = 7*l**2 - 390*l + 1236. Give b(52).
-116
Let n(v) = 109198*v - 10155415. Give n(93).
-1
Let f(q) = 96*q - 587. Determine f(13).
661
Let r(a) = -11*a**3 - 12*a**2 + 50*a - 26. Give r(0).
-26
Let z(n) = -n**2 + 415*n + 154529. What is z(-237)?
5
Let b(y) = 14822*y - 19342708. Determine b(1305).
2
Let u(c) = 4*c**2 - 51756*c + 775412. What is u(15)?
-28
Let l(t) = 969*t + 7400. Calculate l(-8).
-352
Let x(m) = -3*m**2 - 2250*m - 410342. Calculate x(-313).
1
Let l(y) = 7*y**2 - 48*y + 145. Give l(4).
65
Let m(k) = -k**3 - 34*k**2 - 228*k - 85. Determine m(-20).
-1125
Let b(z) = z**3 + 141*z**2 - 2680*z + 1096. Calculate b(-158).
148
Let y(z) = 3777*z - 1031076. What is y(273)?
45
Let j(r) = 19*r**2 - 54221*r + 540307. Calculate j(10).
-3
Let k(y) = -41*y**3 - y**2 - 1051*y - 1051. Give k(-1).
40
Let t(z) = -2*z**3 + 31*z**2 + 19*z + 149. What is t(17)?
-395
Let n(a) = 7196*a - 223065. What is n(31)?
11
Let v(p) = -30*p**3 + 7860*p**2 + 6*p - 1531. Determine v(262).
41
Let d(b) = 356216*b + 12111321. Determine d(-34).
-23
Let l(h) = 5*h**2 - 368*h - 731. Give l(-2).
25
Let q(k) = -15018*k + 3514214. Give q(234).
2
Let v(w) = 88*w**3 + 1497*w**2 - 117*w - 2285. Calculate v(-17).
-7
Let c(b) = -72*b**2 - 1221*b - 2119. Calculate c(-15).
-4
Let v(w) = -11*w**2 + 3701*w - 14842. Give v(4).
-214
Let i(c) = -139*c**3 + 109670*c**2 + 786*c + 2280. Give i(789).
-87
Let m(p) = p**3 + 232*p**2 + 3054*p + 407. What is m(-218)?
-29
Let b(h) = h**3 - 26*h**2 - 68*h + 48. Determine b(28).
-288
Let f(i) = i**3 + 464*i**2 - 2050*i - 737025. Give f(-465).
0
Let w(y) = 4*y**3 - 194*y**2 + 625*y + 154. Determine w(45).
-71
Let b(x) = -2651*x**2 - 17033*x - 6755. What is b(-6)?
7
Let c(b) = 308*b**3 + 4*b**2 + 1868*b + 1865. Determine c(-1).
-307
Let v(w) = 2*w**3 + 559*w**2 + 5651*w + 562. Calculate v(-269).
24
Let y(z) = -8*z**2 - 535*z + 1592. What is y(3)?
-85
Let j(u) = -159*u - 6523. What is j(-41)?
-4
Let p(a) = -7848*a - 47096. Determine p(-6).
-8
Let t(k) = -1817665*k - 9088328. What is t(-5)?
-3
Let o(w) = -w**3 + 17*w**2 - 1094*w + 6230. Give o(6).
62
Let l(f) = -4*f**2 + 1430*f + 178546. Calculate l(-98).
-10
Let j(g) = g**3 + 6786*g**2 + 589421*g - 269. Calculate j(-88).
-5
Let m(n) = 7*n + 343. What is m(22)?
497
Let x(h) = h**3 - 20*h**2 - 666*h + 4942. What is x(35)?
7
Let w(m) = -2548*m - 372049. Give w(-146).
-41
Let o(n) = -270420*n - 5137998. Calculate o(-19).
-18
Let z(i) = -1818*i**2 + 3806*i - 33